ue
Let g(w) = -52*w**3 + w**2 + w + 1. Let h be 1/(2/4) + -3. Is g(h) composite?
False
Let x(o) = -o**3 - 2*o**2 - 5*o + 1. Let p(n) = 2*n**3 + 3*n**2 + 9*n - 1. Let f(b) = 6*p(b) + 11*x(b). Let t be 1 - 1/((-2)/8). Is f(t) prime?
False
Is (10/6)/((-3)/(-117)) a composite number?
True
Suppose -6*z + 4*z = -4*v + 8, 4*z + 16 = -v. Let k = 0 - v. Suppose k = -2*r - r + 63. Is r a composite number?
True
Let h be 7/2*(-8)/(-7). Let d(t) = 14*t**2 - 5*t - 3. Is d(h) a prime number?
False
Let g(y) = y**3 + 2*y**2 - 11*y + 7. Is g(7) a composite number?
True
Suppose a = -4*c + 19 + 1160, 0 = -c + 5*a + 321. Suppose 0*b + c = 4*b. Suppose -5*h - 2*u + 85 + b = 0, -h = -4*u - 23. Is h prime?
True
Let q = -114 + 342. Suppose 2*w = -0*w + q. Suppose -3*a - 3*n + w = -0*a, 3 = n. Is a a prime number?
False
Is (-1671)/(-7) - (-16)/56 a prime number?
True
Let y be (-10)/(-25) - (-18)/5. Let b be 2/4 + 6/y. Suppose -140 = -b*d - 2*d. Is d prime?
False
Suppose 15 = 5*f - 2*a + 3, 0 = -f + a. Is ((-154)/f)/(5/(-10)) prime?
False
Suppose -5*c + t + 925 + 5 = 0, -3*t + 540 = 3*c. Is c a composite number?
True
Let r be (-16)/(-4) - (-2 + 0). Is 188/r - 1/3 composite?
False
Is (2 - -179) + (-5 - -5) prime?
True
Let d be ((2 + -2)/3)/2. Suppose 1039 + 914 = 3*s. Suppose d*r + 3*r - s = 0. Is r a composite number?
True
Suppose 7 + 5 = 3*i. Let w(k) = 6*k - 3 + i*k**3 + 0*k - 4*k - 3*k**2. Is w(2) a prime number?
False
Suppose -2 = -n - 0. Suppose -5*m = 4*d - 323, -3*d + n*m + 3*m = -216. Is d composite?
True
Let j(t) = 4*t**2 + 2*t + 5. Let g = 3 + -10. Let w = -12 - g. Is j(w) a composite number?
True
Let b = -19 + 32. Suppose 4*c - 753 = -b. Is c a prime number?
False
Let k(n) = -3*n**2 - 16*n + 2. Let s(a) = -a**2 - 5*a + 1. Suppose -3*t = 13 + 8. Let l(h) = t*s(h) + 2*k(h). Is l(5) a composite number?
False
Let x be 51 + (-3 + 0)*1. Let w = x + 31. Is w a prime number?
True
Let d = 57 - 2. Is d a prime number?
False
Let z(v) = 954*v**3 - v**2 + 4*v - 2. Is z(1) composite?
True
Is 2/((-30)/(-17835) - 0/1) a composite number?
True
Suppose 2*m + 190 - 4 = 0. Let a = 130 - m. Is a a prime number?
True
Suppose -4*x - 3*d = -6, d = -0*x - 4*x + 10. Suppose 4*q - 23 = -u - q, x*u - 3*q - 123 = 0. Is u prime?
False
Let s(m) = 8*m + 1. Let q be s(1). Let b(y) = 6*y - 11. Let v be b(q). Suppose v + 76 = n. Is n prime?
False
Let o be ((-243)/12)/((-2)/8). Let y = 9 + -7. Suppose -5*w + 198 = -n, -2*w + y*n - n + o = 0. Is w a composite number?
True
Let a(o) = 3*o**2 - 4*o**2 + 2*o - 3*o**2 - 9 + 5*o**2. Is a(-7) prime?
False
Let r = -148 + 237. Is r a prime number?
True
Let h(d) = -d**2 + 2*d - 1. Let w be h(2). Let k = w - 5. Is (k - -184)*(-1)/(-2) composite?
False
Let p(r) = -r + 8. Let y be p(6). Suppose -3*b - 2*v + 8 = 0, y = -5*b + 2*v - 6. Is b - (-10 - 2) - 1 a prime number?
True
Let z be (-2 - -2*1) + 2. Let u(l) = 2*l - 1 - 4 - 6*l**2 + z*l**3 - l**3. Is u(6) composite?
False
Suppose 3*v + 3 + 8 = -w, 3*w - 5*v = 9. Let p = 4 - w. Is p prime?
False
Suppose 0 = -2*s + 3*l - 310, -3*s + 4*l = 3*l + 451. Let p = s + 51. Let n = 21 - p. Is n prime?
False
Let o(l) = -l**2 - 8*l + 9. Let d be o(-9). Let c(g) = g**3 + 4*g**2 - 7*g - 2. Let h be c(-5). Suppose -h*r + 3*r + 115 = d. Is r a composite number?
False
Suppose -3*p - 379 = -5*t, 0 = -4*t - 0*p + p + 299. Suppose -t = -4*n - x + 21, -101 = -4*n - 3*x. Is n a prime number?
True
Suppose -4 = -0*j - 4*j. Let f(p) = 147*p**2 + p - 1. Let g be f(j). Suppose g = 3*z - 5*s, -5*z = -3*s - 224 - 21. Is z a prime number?
False
Suppose -2*d - 435 = -5*d. Is d a composite number?
True
Let i(j) = 2*j**2 + 3*j + 1. Let p be i(-2). Suppose -p*r - r = -124. Is r a prime number?
True
Let w be 84/10 + (-4)/10. Is 6/w - 266/(-8) prime?
False
Suppose 475 = -3*v - 2*v. Let c = v - -216. Is c prime?
False
Suppose 0 = -5*m + 40 + 15. Is m a composite number?
False
Suppose 3*p + m = 5*m + 267, 0 = 3*m. Is p composite?
False
Let k(l) = -l**3 + 2*l**2 + 3*l. Let f be k(3). Suppose f = 2*q - 5*n - 15, 4*n - 5 - 6 = -3*q. Suppose -39 - 36 = -q*s. Is s composite?
True
Suppose 0 = -4*p - p + 5630. Is p a prime number?
False
Let v(u) = -57*u**3 + 2*u**2 + u. Suppose -q + 1 = -2*q. Is v(q) composite?
True
Let h = 20797 - 11558. Is h a composite number?
False
Let g = 257 - 151. Is g a prime number?
False
Let m(z) = z**2 + 2 + z**3 + 3*z - z**2 - 8*z**2. Let g be m(8). Suppose 2*p - 121 = -5*k + g, 4*k + 2*p = 116. Is k a composite number?
False
Is (54887/(-9))/(-7) - (-2)/(-9) a prime number?
False
Suppose 0*o - 6*o = -18. Let f = -61 - -86. Suppose j = 0, 5 + f = o*z + 2*j. Is z a prime number?
False
Is 187 + 1 + (-15)/(-5) a prime number?
True
Suppose -2*h - 4 = -0*h. Is -43*(-1)/h*-2 prime?
True
Suppose -203 = -25*u + 24*u. Is u a prime number?
False
Let w = 3 - 1. Let v = -219 - -534. Is v/6 + 1/w a composite number?
False
Suppose 502 = 5*d - 1153. Is d composite?
False
Let s = 24 + -22. Suppose p + 259 = s*t, t - 102 = p - 6*p. Is t a prime number?
True
Suppose 40 = -t - 4*t. Let v(z) = z**3 + 8*z**2 + z + 8. Let j be v(t). Suppose -b + 90 = -g, j*g = -4*b + 3*g + 361. Is b a prime number?
False
Suppose -9*b + 32604 - 3345 = 0. Is b prime?
True
Let q(g) = -2*g**2 + 5*g + 17. Let d(t) = t**2 - 3*t - 9. Let l(r) = 5*d(r) + 2*q(r). Is l(10) composite?
True
Suppose -p + 3 = k + 13, -5*k = -4*p - 4. Let u be 1/(-3)*(p - 0). Suppose 5*s = 4*r + 95, -3*s = 2*s - u*r - 95. Is s a prime number?
True
Suppose -3*a - 7*o = -2*o - 71, -2*a + 4*o = -84. Suppose 4*p - 4 = a. Is p composite?
True
Suppose 20 = 5*y, 5*a - y = -2*y + 2424. Is 21/(-14)*a/(-6) prime?
False
Let g = 1 - -2. Is 1 - (g + -1) - -63 a prime number?
False
Suppose 2*x + 3 = x. Let l be 1*3 - (3 - -2). Is l - (6/x + -21) a composite number?
True
Let z be (3 + 15/(-6))*0. Suppose z*u + u - 103 = 0. Suppose -3*s + 56 = -u. Is s a composite number?
False
Let x = 2 + -5. Let o = x + 15. Let f = 9 + o. Is f prime?
False
Let q(g) = -2*g**3 - 11*g**2 - 9*g - 1. Is q(-7) prime?
False
Let p = 2 + 3. Suppose -2*z + 3*z - p = 0, -2*u = -4*z + 498. Let v = -170 - u. Is v a prime number?
False
Let t(f) = 4*f**3 + 22*f**2 - 4*f - 9. Let m(n) = n**3 + 7*n**2 - n - 3. Let i(d) = 7*m(d) - 2*t(d). Let s be i(4). Suppose -w = -s - 8. Is w prime?
False
Suppose 714 = 7*y - 385. Is y prime?
True
Let r(t) = 5*t**2 + 5*t + 5. Let h be (-168)/44 + 4/(-22). Is r(h) composite?
True
Is 1390/18 + 6/(-27) a prime number?
False
Let n be -33*(6 - 3)/(-3). Suppose -n = -s + 34. Is s prime?
True
Let b = 131 - 94. Is b a prime number?
True
Let y be -2 + (1 - 433)/(-3). Suppose -4*x + y = -94. Is x a composite number?
False
Let p be (-87)/(-2)*80/6. Suppose 2*r - 2*u = -0*u + p, 0 = -4*r + 2*u + 1166. Is r composite?
False
Let o = -41 - -24. Let f = o + 42. Is f prime?
False
Suppose 1 = 2*b - 5. Suppose w + 5*h = -w + 360, 4*w - b*h - 746 = 0. Suppose 0 = 3*y - 8*y + w. Is y a prime number?
True
Let x(k) = -k - 2. Let r be x(-8). Suppose r*l - 185 = l. Is l a composite number?
False
Let y(a) = -a**2 + 3*a - 1. Let v be y(4). Let h = 4 + v. Is 11/(2/(-2))*h a prime number?
True
Let v(y) = -5*y**2 + 6*y - 4. Let m(w) = -2*w**2 + 3*w - 2. Let u(f) = -7*m(f) + 3*v(f). Let t be u(-4). Let c = t + 15. Is c composite?
False
Let s(c) = 6 + 28*c + 6 - 15. Is s(2) composite?
False
Let y be (-2907)/(-34) + 1/(-2). Suppose -322 = -m - y. Is m composite?
True
Suppose 3*t = -5*q + 24308, -8*t = -5*q - 5*t + 24302. Is q a composite number?
False
Let s(f) = 109*f**2 + 7*f + 5. Is s(4) prime?
True
Let c = -406 + 574. Let k = -22 + c. Suppose 4*a - k = 122. Is a composite?
False
Let h be -267*(-2 + 2 - 1). Suppose v = -2*k + h, -k + 3*k = 4. Is v a prime number?
True
Suppose -4*k = k - 5. Let n(o) = 440*o - 1. Is n(k) a composite number?
False
Suppose 2*k = -k + 18. Let s(t) = t**2 + 7*t + 7. Is s(k) a composite number?
True
Let b be 5 + (1 - 3) + 96. Suppose -4*k = -s + b, -333 = -3*s - 2*k - 50. Is s composite?
True
Suppose 0 = -4*g + 2*d + 820, -g + 615 = 2*g + 2*d. Is g a prime number?
False
Let d(y) = 35*y**3 + y**2 + y + 1. Is d(2) a composite number?
True
Suppose i = -2 - 1. Is i/7 - 2676/(-21) prime?
True
Suppose 5*v + 140 = 2385. Is v a composite number?
False
Let i = 67 + -36. Is i composite?
False
Suppose -3*c - z = -5, 